*2 + o - 8. What are the prime factors of n(x)?
2, 5
Let k = 68 + -5. What are the prime factors of k?
3, 7
Suppose -5*x + 2 = -4*x. Suppose 4*l = 2*u - 18, 2*u + 7*l = 3*l + x. Suppose 2*o - 1 - 24 = a, -u*o = -a - 70. List the prime factors of o.
3, 5
What are the prime factors of 29/3*(10 - 8/(-4))?
2, 29
Let y(k) = k**3 + k**2 - k + 5. Let h be y(0). Suppose 0 = h*i - 3*i - 8. Suppose 3*o - 22 = -j, o + 0*o = i. List the prime factors of j.
2, 5
Suppose -6*m + 5*m = -116. List the prime factors of m.
2, 29
Suppose 3*f - 4*v - 10 = 4*f, -45 = -4*f + v. Let s = f + 1. Let z = s - 6. What are the prime factors of z?
5
Suppose -2*b + 0*b = 6. Let p(w) = 0*w**3 - 2 + 3*w + 2*w**3 - w**2 - 3*w**3. List the prime factors of p(b).
7
Suppose 5*c + 57 = -s, c - 48 = 4*c - 4*s. What are the prime factors of 70/20*c/(-7)?
2, 3
Suppose 0 = i + 2*i. What are the prime factors of (-21)/(1 + -4) - i?
7
Suppose -58 = -7*j + 5*j. What are the prime factors of j?
29
Let d(p) = p + 1. Let v be (-5)/(-20) + (-7)/(-4). What are the prime factors of d(v)?
3
Let s(x) = -x**3 - 3*x**2 - 3*x - 6. List the prime factors of s(-4).
2, 11
What are the prime factors of ((-3289)/26)/((5/(-2))/5)?
11, 23
Suppose s = 4*k + 10, 5*k - k + 64 = 4*s. Let t be -2*(-2 - (-14)/(-4)). Let q = s - t. What are the prime factors of q?
7
Let s(p) be the third derivative of -p**4/24 + 4*p**3/3 - p**2. Let c be (-3)/(96/28 - 3). What are the prime factors of s(c)?
3, 5
What are the prime factors of (-4)/(-6) + (-80)/(-24)?
2
Suppose -2*x - i = -47 - 118, -i + 420 = 5*x. List the prime factors of x.
5, 17
Suppose -5*w - 147 = -8*w. List the prime factors of w.
7
Let z(w) be the second derivative of 2*w**4/3 + w**3/3 - w**2/2 - 2*w. Let n be z(1). List the prime factors of 96/n + 1/3.
11
Let f = 7 + 27. List the prime factors of f.
2, 17
Let x be (-1)/((-1 - 0)/(-12)). What are the prime factors of (x/(-10))/((-9)/(-150))?
2, 5
Let j be 1 + 0 + -4 + -1. List the prime factors of (4/j - -29)/1.
2, 7
Let a(l) be the third derivative of -l**4/24 + 5*l**3/6 + 2*l**2. List the prime factors of a(-7).
2, 3
Let k be (-20)/(-4)*(-12)/10. Let h be (-12)/(-7) + k/(-21). What are the prime factors of (-2)/(0 + h/(-4))?
2
Suppose 2*n - 2*c = 16, 4 = -n + c - 3*c. Suppose 18 = -m - 2*m + n*r, m + 6 = -2*r. Let o = 9 + m. What are the prime factors of o?
3
Suppose 4*s - 16 = 0, 0 = 3*q - 3*s - 10 - 5. What are the prime factors of q?
3
What are the prime factors of -78*(-4)/5 - (-21)/35?
3, 7
Let z(k) = k**2 - k. Suppose 3 = 2*c + 5. Let g(o) = 3*o**2 - 8*o - 5. Let s(j) = c*g(j) + 2*z(j). What are the prime factors of s(5)?
2, 5
Let a = -30 + 70. Suppose 0 = -4*x - x + a. List the prime factors of x.
2
Let d(f) = 2*f - 1. Let o be d(8). Suppose 0*j = 3*j - 9. Suppose 2*b - o = -j*b. List the prime factors of b.
3
Let l be (8/(-3))/(5/15). What are the prime factors of 50/l*44/(-11)?
5
Suppose -19 - 5 = 4*j. Let p be j/(-15) + 24/(-10). What are the prime factors of (1*p + 1)*-4?
2
Let o(k) = k**3 - 8*k**2 + 7*k + 5. Let p be o(7). Let i be p/3*(0 - -6). Suppose i = 3*x + 1. What are the prime factors of x?
3
What are the prime factors of (-1974)/(-24) - 1/4?
2, 41
Let z = -16 + 18. Suppose 4*p + 14 = z, -4*p = -2*o + 56. List the prime factors of o.
2, 11
What are the prime factors of 6/(-9) - 46/(-6)?
7
Suppose 0 = -5*l - 5 + 70. List the prime factors of l.
13
Let z(b) = -7*b - 1. List the prime factors of z(-6).
41
List the prime factors of (-1)/(-3)*3*61.
61
Let t(v) = 2*v - 14 + 6 + v - 4*v. Let d be t(-7). Let l(u) = -22*u**3 + u**2 + 2*u + 1. What are the prime factors of l(d)?
2, 11
Let i(a) = 2 - 5 - 2 + 4*a. Let f(t) = -7*t + 9. Let x(z) = 3*f(z) + 5*i(z). What are the prime factors of x(-4)?
2, 3
Suppose 12 + 2 = 7*x. What are the prime factors of x?
2
Suppose 0 = 2*d - 5*i + 17, 0 = -d - 4*i + 10 + 14. Suppose -d = -2*n + 20. What are the prime factors of n?
2, 3
Let t(w) = 51*w + 10. Let s be t(5). Suppose 6*p - p = s. What are the prime factors of p?
53
Let j = -100 - -55. Let p = j - -99. What are the prime factors of ((-3)/9)/((-2)/p)?
3
Suppose -5*t - 2*g + 5 = -95, 0 = 2*g - 10. List the prime factors of t.
2, 3
Let t = 44 + -7. What are the prime factors of t?
37
Let f = -5 + 8. Suppose -f*y = -12, g - y - 31 = -5*y. What are the prime factors of g?
3, 5
List the prime factors of (5 - (5 + -3)) + 160*1.
163
Suppose 2 + 1 = d. Suppose 0*y = -d*y + 30. What are the prime factors of y?
2, 5
Let y be (8/3)/(6/18). What are the prime factors of y/(7/2 + -3)?
2
Let o be (-6 + 0 + 0)*(-8 + 13). Let a = -1 + 4. What are the prime factors of o/(-8) + a/12?
2
Suppose -5*t = -63 - 132. What are the prime factors of t?
3, 13
Let h = 12 + -10. Suppose 5*w + y - 69 = 0, h*w - y = -2*w + 48. What are the prime factors of w?
13
List the prime factors of ((-168)/16)/(3/(-18)).
3, 7
Let i(x) = -6*x - 10. What are the prime factors of i(-8)?
2, 19
Suppose 5*b = -2*v + 138, 0 = -3*v - 2*b + 238 - 53. What are the prime factors of v?
59
Suppose -2*w + 4*v = -6 - 2, 4*w = -2*v - 34. Let i(t) = t + 10. What are the prime factors of i(w)?
2
Suppose 7*s = 3*s - 140. Let i = s + 50. What are the prime factors of i?
3, 5
Let m(h) be the third derivative of 5*h**4/24 + h**3/3 + 3*h**2. Let s(n) = -n**2 + 3*n. Let r be s(2). List the prime factors of m(r).
2, 3
Let i(f) = -f**2 + 10*f - 1. Let j be i(11). Let r = j - -20. What are the prime factors of r?
2
Let t(o) = -o**3 + 9*o**2 + o - 1. Let n be t(9). Let q(z) = z**3 - 10*z**2 + 9*z + 9. Let s be q(n). List the prime factors of (-2)/5 - s/5.
3
Suppose 0 = 2*w - 4*y - 106, -4*w + 68 = -3*w - 5*y. What are the prime factors of w?
43
List the prime factors of (34/4)/((-1)/(-4)).
2, 17
Let j = -6 - -1. Let m(z) = 15*z - 24. Let l(p) = -4*p + 7. Let q(o) = -18*l(o) - 5*m(o). List the prime factors of q(j).
3
Let c be (2 - 357/6)*-4. Let f be (-1)/(-4) - c/(-8). Suppose -5*h + x = 3*x - f, -3*h + 33 = -4*x. List the prime factors of h.
7
Suppose 0 = -15*l + 17*l - 248. List the prime factors of l.
2, 31
What are the prime factors of (-1)/(0 - (-4)/(-216))?
2, 3
Suppose 280 = 5*q + 5*s, q - 4*s = 4*q - 171. What are the prime factors of q?
53
Let u be ((-15)/12)/((-2)/8). Suppose 10*n = 4*h + u*n - 20, 0 = 3*n. List the prime factors of h.
5
Let j = 45 - 27. What are the prime factors of j?
2, 3
Let b(m) = m**2 + 2*m - 3. Let c be b(-3). Let t = 2 + c. Suppose -4*l - 3*q + 22 = -29, -t*l - 2*q = -24. What are the prime factors of l?
3, 5
Suppose 0 = 3*d + d - 708. Suppose -3*h + d - 57 = 0. Suppose -5*v + 3*v = -h. What are the prime factors of v?
2, 5
Suppose 4*m + 15 = 99. Let z = 1 - 14. Let c = m + z. What are the prime factors of c?
2
Suppose f = -110 + 308. List the prime factors of f.
2, 3, 11
Let i(g) = g**3 + 34. Let r be i(0). Let s = r - 4. List the prime factors of s.
2, 3, 5
Let d(c) = -c**3 - 7*c**2 - 6*c - 5. Let l be d(-6). Suppose g = -y - 6, 0 = -0*y + 4*y - 2*g - 6. Let k = y - l. What are the prime factors of k?
2
Let l be -2 - 4/(-1) - -28. Let d be ((-8)/10)/((-3)/l). Suppose -2*i + d + 2 = 0. List the prime factors of i.
5
Let m(r) = r**3 + 17*r**2 - 24*r + 32. What are the prime factors of m(-18)?
2, 5, 7
Let k be -3 - (-63)/(3/(-1)). Let p = k - -38. List the prime factors of p.
2, 7
Let r = -3 + 6. Let j be r - ((-2 - -1) + 2). Suppose -16 = -j*u + 5*p - 3*p, -1 = -p. What are the prime factors of u?
3
Let n(b) = 19*b + 16. Let c be n(6). Suppose 2*q = -2*k + 48, -4*q - 5*k = -c + 35. What are the prime factors of q?
5
Suppose 8 + 0 = 4*v. Suppose -i + 10 = -v. List the prime factors of i.
2, 3
Let w(i) = i**2 + 2*i - 5. Let b be w(-4). Suppose 0 = -5*a + b*g + 94, -3*g + 2*g = 4*a - 65. List the prime factors of a.
17
Let y be (2 + 2/(-4))*2. Let x = 22 + -16. Suppose y*c + 24 = x*c. List the prime factors of c.
2
Suppose 4*c - 20 = 0, 3*c - 11 = g - 0*g. Let p = g - -8. What are the prime factors of p?
2, 3
Let j = -143 + 243. What are the prime factors of j?
2, 5
Suppose -2*b = 3*b - 10. Let c be 1/(b/(16 + 2)). Suppose 2*h - 5 = c. What are the prime factors of h?
7
Let x be (3 - 18/4)*22. Let w = x - -49. What are the prime factors of w?
2
Let w = -6 + 6. Suppose 3*i - 5*i + 30 = w. List the prime factors of i.
3, 5
Let d = 78 -